 - -62?
34113
In base 4, what is 1 - 20130003?
-20130002
In base 3, what is -1122 + 1201102?
1122210
In base 2, what is 1001010000110110110 + -101?
1001010000110110001
In base 4, what is 131010203020 + 11?
131010203031
In base 16, what is 3 - 1e1da?
-1e1d7
In base 10, what is 987 + 3?
990
In base 4, what is -10211 + -120130?
-131001
In base 5, what is 113 + -3024?
-2411
In base 5, what is 103 + 10001131?
10001234
In base 10, what is -4 - -3750?
3746
In base 11, what is -66837 - 2?
-66839
In base 14, what is -19 - -51c?
503
In base 13, what is -4a0c - 2a?
-4a39
In base 5, what is 1322401 - 1?
1322400
In base 9, what is 2 + 585825?
585827
In base 12, what is -66 - 326b?
-3315
In base 9, what is 6125 - 6?
6118
In base 10, what is 29257 - -5?
29262
In base 3, what is -100011 + -202100011?
-202200022
In base 10, what is 5 + 57771?
57776
In base 8, what is -6214 - 1?
-6215
In base 13, what is -a40c + -5?
-a414
In base 13, what is -1c4 - 5c2?
-7b6
In base 6, what is -443104 + 2?
-443102
In base 15, what is -26 - bb7?
-bdd
In base 5, what is -11 - 4211030?
-4211041
In base 8, what is 703 - -361?
1264
In base 8, what is -112757 - 4?
-112763
In base 6, what is -10 - -44303?
44253
In base 12, what is 15 - -97?
b0
In base 5, what is 10 - -1242424?
1242434
In base 11, what is -2 + -381614?
-381616
In base 8, what is -5276 - -31?
-5245
In base 14, what is -43ad - 10?
-43bd
In base 16, what is 63 - -1b4c?
1baf
In base 15, what is 4 - -33cb?
33d0
In base 14, what is -bd + -401?
-4c0
In base 7, what is -11141116 + 0?
-11141116
In base 15, what is 2 + 38e86?
38e88
In base 10, what is 2655 + -544?
2111
In base 5, what is 42 - -33422?
34014
In base 16, what is 66f + 51?
6c0
In base 6, what is 3335 + -51?
3244
In base 13, what is 0 + -9ba70?
-9ba70
In base 8, what is -737 + -544?
-1503
In base 15, what is -5 - 16c63?
-16c68
In base 15, what is -2 - -54224?
54222
In base 15, what is -7 - 62a?
-632
In base 6, what is -22222 + 41?
-22141
In base 7, what is 5 - 203352?
-203344
In base 16, what is -4 + -e1f0?
-e1f4
In base 14, what is -98ab + 2?
-98a9
In base 15, what is 64a86 + 4?
64a8a
In base 9, what is -330288 + -3?
-330302
In base 5, what is 2 - -14301442?
14301444
In base 14, what is 16d92 - 26?
16d6a
In base 5, what is 31140121 - 0?
31140121
In base 11, what is 15805 + -5?
15800
In base 6, what is 304 + 1040?
1344
In base 2, what is -10011001 - 10100010100?
-10110101101
In base 16, what is 126 + -3f?
e7
In base 13, what is -b8 + -2055?
-2140
In base 11, what is aa6395 + -5?
aa6390
In base 13, what is -29c89 + a?
-29c7c
In base 12, what is 3ba6ba + 2?
3ba700
In base 10, what is 537230 + -4?
537226
In base 13, what is -372 - -9?
-366
In base 15, what is -22 - 1643?
-1665
In base 12, what is 13684b - 2?
136849
In base 11, what is -298 - 0?
-298
In base 16, what is ff - a?
f5
In base 11, what is 358 - 2159?
-1901
In base 5, what is -11 - -22131333?
22131322
In base 7, what is 0 - -24351?
24351
In base 12, what is -320 + 6?
-316
In base 12, what is 3b87 + 3?
3b8a
In base 7, what is 202 + -1305?
-1103
In base 8, what is 7060374 + -5?
7060367
In base 3, what is 1 + -1222101002221?
-1222101002220
In base 10, what is -1 - -500491?
500490
In base 14, what is 1d2 + 873?
a65
In base 13, what is -b5 + c7?
12
In base 4, what is 2130 + 2322?
11112
In base 6, what is 113 - 3020?
-2503
In base 7, what is -202 + 5455?
5253
In base 6, what is -2 + -133002?
-133004
In base 8, what is 61340 - -10?
61350
In base 9, what is 1033 + -130?
803
In base 12, what is -40493 + -4?
-40497
In base 9, what is 41125 - 1?
41124
In base 13, what is 8 + -2b26?
-2b1b
In base 6, what is -5 + -2501444?
-2501453
In base 10, what is -29876 + 7?
-29869
In base 3, what is 1001 + -212220210?
-212212202
In base 13, what is -28825 - -6?
-2881c
In base 15, what is 24b72 + -4?
24b6d
In base 8, what is -403 - -416?
13
In base 15, what is -5 - a79ba?
-a79c0
In base 9, what is 1823 - 53?
1760
In base 12, what is 4088a + 4?
40892
In base 8, what is -62 - -2541?
2457
In base 12, what is 5 - -2785?
278a
In base 10, what is 0 + -121787?
-121787
In base 16, what is -89ec + 6?
-89e6
In base 8, what is -4433702 + -1?
-4433703
In base 15, what is 34a1 - 7?
3499
In base 9, what is 27421 - 20?
27401
In base 16, what is -2 - -9757?
9755
In base 4, what is -201 - -3100233?
3100032
In base 4, what is -2 - -1322030?
1322022
In base 4, what is 202223 - 123231?
12332
In base 8, what is -3 + 1031261?
1031256
In base 12, what is 2 + 12a02?
12a04
In base 8, what is 171 + 11426?
11617
In base 16, what is -b - 41f56?
-41f61
In base 11, what is -93 - -3a30?
3948
In base 8, what is -6 - 345221?
-345227
In base 10, what is 15 + 6321?
6336
In base 7, what is 136 + 446?
615
In base 3, what is 2010220222 + -1?
2010220221
In base 15, what is 1706c + 0?
1706c
In base 5, what is 21434 + 4444?
31433
In base 12, what is 3 + 4545?
4548
In base 14, what is -3 - 132a0c?
-132a11
In base 15, what is b - 63?
-57
In base 10, what is 14 + -71397?
-71383
In base 3, what is -2002020211 - 2?
-2002020220
In base 2, what is 1111110101 - 1001000?
1110101101
In base 16, what is -1f3a - 5?
-1f3f
In base 16, what is -5 - 1db6?
-1dbb
In base 2, what is 10011100111111111 - 11000?
10011100111100111
In base 6, what is -4 + -52404?
-52412
In base 16, what is 17ae - -f3?
18a1
In base 7, what is 5 + -3606651?
-3606643
In base 2, what is 110101 - 100010101101000111?
-100010101100010010
In base 15, what is -4 + 6ae57?
6ae53
In base 4, what is -1 + 212302223?
212302222
In base 2, what is 100010101 - 100110011?
-11110
In base 15, what is -26d9 - 4a?
-2734
In base 7, what is 464 - -343?
1140
In base 3, what is 1101001 + -22200002?
-21022001
In base 15, what is 7 - 65?
-5d
In base 5, what is 2 - 2414214?
-2414212
In base 7, what is 0 + 3201422?
3201422
In base 2, what is 1010001101101000 + 101?
1010001101101101
In base 16, what is 2fa - 35?
2c5
In base 6, what is -513 + -143?
-1100
In base 8, what is -267 - -1003?
514
In base 13, what is 6c6 + -1b?
6a8
In base 7, what is -23005 - 1?
-23006
In base 3, what is 11 + -10000102101?
-10000102020
In base 3, what is 12 + 10121120200?
10121120212
In base 11, what is -202 - 208?
-40a
In base 13, what is 2440 + 2?
2442
In base 11, what is 41 - -103?
144
In base 6, what is -523 - 555?
-1522
In base 2, what is -11011010101010010100 - -10?
-11011010101010010010
In base 6, what is -12104310 - -4?
-12104302
In base 5, what is -241313343 - -1?
-241313342
In base 8, what is 6015 - 107?
5706
In base 7, what is 23011 + -34?
22644
In base 7, what is 1003631 - -5?
1003636
In base 11, what is 66475 - 4?
66471
In base 11, what is -a - 5216?
-5225
In base 2, what is 1010011 - -10000100?
11010111
In base 10, what is 533 + -586?
-53
In base 6, what is 13554045 + 1?
13554050
In base 3, what is -1202 + -12121?
-21100
In base 5, what is 20440 + -12?
20423
In base 15, what is -4ec0 + 0?
-4ec0
In base 6, what is 121 + 110550?
111111
In base 10, what is -308 - -321?
13
In base 12, what is 0 + 19a212?
19a212
In base 5, what is 2103 + 2143?
4301
In base 10, what is -140 - -310?
170
In base 14, what is 4 - -581?
585
In base 10, what is -10140 + 14?
-10126
In base 11, what is 6 + 28172?
28178
In base 3, what is -201222 + 1200?
-200022
In base 6, what is 42 + -2023?
-1541
In base 8, what is -2171 - -751?
-1220
In base 4, what is -23 - 133300?
-133323
In base 8, what is 4606 - -20?
4626
In base 12, what is 244 - a7?
159
In base 13, what is 58599 - -2?
5859b
In base 3, what is 120111 - -2200?
200011
In base 8, what is 141337 - -17?
141356
In base 8, what is 3755 + 2477?
6454
In base 14, what is -b62 + 1c4?
-97c
In base 4, what is -1 + 21202?
21201
In base 3, what is 101 - 12220?
-12112
In base 4, what is -1 + -231133321?
-231133322
In base 4, what is -1130313 + -10?
-1130323
In base 11, what is 4667 + 3?
466a
In base 2, what is 100101101 + 10011100?
111001001
In base 6, what is 1 + 10041?
10042
In base 7, what is -12635 - -332?
-12303
In base 16, what is 3 - -230d?
2310
In base 10, what is 8881 + -64?
8817
In base 7, what is 105 - 1331?
-1223
In base 8, what is 12 + 4364?
4376
In base 14, what is -1c - -2b?
d
In base 12, what is 7a9b6 + -2?
7a9b4
In base 11, what is 9 + -3a07?
-39a9
In base 11, what is 126 + 19?
144
In base 2, what is -100010010101101 + -1101